{"id":543,"date":"2018-11-27T09:17:42","date_gmt":"2018-11-27T09:17:42","guid":{"rendered":"https:\/\/reciclemostodo.com\/index.php\/projects\/"},"modified":"2021-09-05T20:21:37","modified_gmt":"2021-09-05T20:21:37","slug":"noticias","status":"publish","type":"page","link":"https:\/\/reciclemostodo.com\/index.php\/noticias\/","title":{"rendered":"Noticias"},"content":{"rendered":"\t\t<div data-elementor-type=\"wp-post\" data-elementor-id=\"543\" class=\"elementor elementor-543\">\n\t\t\t\t\t\t<section class=\"elementor-section elementor-top-section elementor-element elementor-element-7ac9ca5 elementor-section-boxed elementor-section-height-default elementor-section-height-default\" data-id=\"7ac9ca5\" data-element_type=\"section\" data-e-type=\"section\" data-settings=\"{&quot;background_background&quot;:&quot;classic&quot;}\">\n\t\t\t\t\t\t\t<div class=\"elementor-background-overlay\"><\/div>\n\t\t\t\t\t\t\t<div class=\"elementor-container elementor-column-gap-narrow\">\n\t\t\t\t\t<div class=\"elementor-column elementor-col-33 elementor-top-column elementor-element elementor-element-fc40e94\" data-id=\"fc40e94\" data-element_type=\"column\" data-e-type=\"column\">\n\t\t\t<div class=\"elementor-widget-wrap\">\n\t\t\t\t\t\t\t<\/div>\n\t\t<\/div>\n\t\t\t\t<div class=\"elementor-column elementor-col-33 elementor-top-column elementor-element elementor-element-90988fe\" data-id=\"90988fe\" data-element_type=\"column\" data-e-type=\"column\">\n\t\t\t<div class=\"elementor-widget-wrap elementor-element-populated\">\n\t\t\t\t\t\t<div class=\"elementor-element elementor-element-4a1c612 elementor-widget elementor-widget-heading\" data-id=\"4a1c612\" data-element_type=\"widget\" data-e-type=\"widget\" data-widget_type=\"heading.default\">\n\t\t\t\t<div class=\"elementor-widget-container\">\n\t\t\t\t\t<h1 class=\"elementor-heading-title elementor-size-default\">Noticias<\/h1>\t\t\t\t<\/div>\n\t\t\t\t<\/div>\n\t\t\t\t\t<\/div>\n\t\t<\/div>\n\t\t\t\t<div class=\"elementor-column elementor-col-33 elementor-top-column elementor-element elementor-element-919f5c1\" data-id=\"919f5c1\" data-element_type=\"column\" data-e-type=\"column\">\n\t\t\t<div class=\"elementor-widget-wrap\">\n\t\t\t\t\t\t\t<\/div>\n\t\t<\/div>\n\t\t\t\t\t<\/div>\n\t\t<\/section>\n\t\t\t\t<section class=\"elementor-section elementor-top-section elementor-element elementor-element-7e9b1d1 elementor-section-boxed elementor-section-height-default elementor-section-height-default\" data-id=\"7e9b1d1\" data-element_type=\"section\" data-e-type=\"section\">\n\t\t\t\t\t\t<div class=\"elementor-container elementor-column-gap-default\">\n\t\t\t\t\t<div class=\"elementor-column elementor-col-50 elementor-top-column elementor-element elementor-element-3ee06b9\" data-id=\"3ee06b9\" data-element_type=\"column\" data-e-type=\"column\">\n\t\t\t<div class=\"elementor-widget-wrap elementor-element-populated\">\n\t\t\t\t\t\t\t<\/div>\n\t\t<\/div>\n\t\t\t\t<div class=\"elementor-column elementor-col-50 elementor-top-column elementor-element elementor-element-c6bbbd0\" data-id=\"c6bbbd0\" data-element_type=\"column\" data-e-type=\"column\">\n\t\t\t<div class=\"elementor-widget-wrap elementor-element-populated\">\n\t\t\t\t\t\t<div class=\"elementor-element elementor-element-cfd9ab3 elementor-widget elementor-widget-wp-widget-rss\" data-id=\"cfd9ab3\" data-element_type=\"widget\" data-e-type=\"widget\" data-widget_type=\"wp-widget-rss.default\">\n\t\t\t\t<div class=\"elementor-widget-container\">\n\t\t\t\t\t<h5><a class=\"rsswidget rss-widget-feed\" href=\"https:\/\/www.eltiempo.com\/rss\/vida_medio-ambiente.xml\"><img decoding=\"async\" class=\"rss-widget-icon\" style=\"border:0\" width=\"14\" height=\"14\" src=\"https:\/\/reciclemostodo.com\/wp-includes\/images\/rss.png\" alt=\"RSS\" \/><\/a> <a class=\"rsswidget rss-widget-title\" href=\"https:\/\/www.eltiempo.com\/\">Noticias sobre medio ambiente en Colombia<\/a><\/h5><nav aria-label=\"Noticias sobre medio ambiente en Colombia\"><ul><li><a class='rsswidget' href='https:\/\/www.eltiempo.com\/vida\/medio-ambiente\/algunas-de-estas-cosas-van-a-tomar-decadas-experto-advierte-sobre-la-complejidad-de-dejar-los-combustibles-fosiles-3551539'>\u2018Algunas de estas cosas van a tomar d\u00e9cadas\u2019: experto advierte sobre la complejidad de dejar los combustibles f\u00f3siles<\/a> <span class=\"rss-date\">28 de April de 2026<\/span><div class=\"rssSummary\">Nick Robins, experto en finanzas sostenibles, subraya que el cambio energ\u00e9tico ya comenz\u00f3, pero ser\u00e1 un proceso largo y con impactos geopol\u00edticos.<\/div><\/li><li><a class='rsswidget' href='https:\/\/www.eltiempo.com\/vida\/medio-ambiente\/aunque-un-multimillonario-de-india-ofrecio-llevarse-80-hipopotamos-de-pablo-escobar-la-propuesta-por-ahora-no-puede-concretarse-por-que-3551492'>Aunque un multimillonario de India ofreci\u00f3 llevarse 80 hipop\u00f3tamos de Pablo Escobar, la propuesta -por ahora- no puede concretarse: \u00bfpor qu\u00e9?<\/a> <span class=\"rss-date\">28 de April de 2026<\/span><div class=\"rssSummary\">Anant Ambani mostr\u00f3 inter\u00e9s en llevarse 80 de estos hipop\u00f3tamos para evitar su eutanasia en Colombia.<\/div><\/li><li><a class='rsswidget' href='https:\/\/www.eltiempo.com\/vida\/medio-ambiente\/por-que-el-mar-de-turbo-en-el-uraba-cambio-su-color-por-un-verde-intenso-y-que-tan-peligroso-es-este-fenomeno-para-los-banistas-expertos-explican-3551334'>\u00bfPor qu\u00e9 el mar de Turbo, en el Urab\u00e1, cambi\u00f3 su color por un verde intenso y qu\u00e9 tan peligroso es este fen\u00f3meno para los ba\u00f1istas? Expertos explican<\/a> <span class=\"rss-date\">28 de April de 2026<\/span><div class=\"rssSummary\">Cient\u00edficos se encuentran analizando el fen\u00f3meno biol\u00f3gico que transform\u00f3 las playas antioque\u00f1as y eval\u00faan los posibles riesgos.<\/div><\/li><li><a class='rsswidget' href='https:\/\/www.eltiempo.com\/vida\/medio-ambiente\/defenderemos-con-nuestra-vida-indigenas-amazonicos-advierten-desde-santa-marta-que-resistiran-expansion-petrolera-en-ecuador-3551368'>\u2018Defenderemos con nuestra vida\u2019: Ind\u00edgenas amaz\u00f3nicos advierten desde Santa Marta que resistir\u00e1n expansi\u00f3n petrolera en Ecuador<\/a> <span class=\"rss-date\">27 de April de 2026<\/span><div class=\"rssSummary\">Edison Canelos, vicepresidente de la Nacionalidad Achuar, asegur\u00f3 que las comunidades est\u00e1n listas para defender sus territorios.<\/div><\/li><li><a class='rsswidget' href='https:\/\/www.eltiempo.com\/vida\/medio-ambiente\/sectores-sociales-cuestionan-falta-de-integracion-en-conferencia-de-combustibles-de-santa-marta-gobierno-defiende-metodologia-de-participacion-3551366'>Sectores sociales cuestionan falta de integraci\u00f3n en conferencia de combustibles de Santa Marta; Gobierno defiende metodolog\u00eda de participaci\u00f3n<\/a> <span class=\"rss-date\">27 de April de 2026<\/span><div class=\"rssSummary\">La ministra (e) de Ambiente, Irene V\u00e9lez, asegur\u00f3 que limitaciones log\u00edsticas \u2014y no decisiones pol\u00edticas\u2014 explican el modelo de selecci\u00f3n de voceros.<\/div><\/li><li><a class='rsswidget' href='https:\/\/www.eltiempo.com\/vida\/medio-ambiente\/esto-no-es-mas-de-lo-mismo-experto-de-wwf-asegura-que-la-conferencia-de-santa-marta-busca-traducir-la-presion-social-en-acciones-concretas-3551323'>\u2018Esto no es m\u00e1s de lo mismo\u2019: Experto de WWF asegura que la Conferencia de Santa Marta busca traducir la presi\u00f3n social en acciones concretas<\/a> <span class=\"rss-date\">27 de April de 2026<\/span><div class=\"rssSummary\">Desde la conferencia internacional sobre el fin de los combustibles f\u00f3siles, expertos aseguran que el proceso busca evitar los bloqueos tradicionales.<\/div><\/li><li><a class='rsswidget' href='https:\/\/www.eltiempo.com\/vida\/medio-ambiente\/miembros-del-congreso-o-parlamento-de-mas-de-35-paises-piden-redirigir-las-finanzas-globales-para-impulsar-energias-limpias-3551268'>Miembros del Congreso o Parlamento de m\u00e1s de 35 pa\u00edses piden redirigir las finanzas globales para impulsar energ\u00edas limpias<\/a> <span class=\"rss-date\">27 de April de 2026<\/span><div class=\"rssSummary\">Desde Santa Marta, legisladores advierten que la dependencia del petr\u00f3leo, el gas y el carb\u00f3n profundiza desigualdades y tensiones geopol\u00edticas.<\/div><\/li><\/ul><\/nav>\t\t\t\t<\/div>\n\t\t\t\t<\/div>\n\t\t\t\t\t<\/div>\n\t\t<\/div>\n\t\t\t\t\t<\/div>\n\t\t<\/section>\n\t\t\t\t<\/div>\n\t\t","protected":false},"excerpt":{"rendered":"<p>Noticias<\/p>\n","protected":false},"author":1,"featured_media":0,"parent":0,"menu_order":0,"comment_status":"closed","ping_status":"closed","template":"","meta":{"om_disable_all_campaigns":false,"_monsterinsights_skip_tracking":false,"_monsterinsights_sitenote_active":false,"_monsterinsights_sitenote_note":"","_monsterinsights_sitenote_category":0,"site-sidebar-layout":"no-sidebar","site-content-layout":"page-builder","ast-site-content-layout":"default","site-content-style":"default","site-sidebar-style":"default","ast-global-header-display":"","ast-banner-title-visibility":"","ast-main-header-display":"","ast-hfb-above-header-display":"","ast-hfb-below-header-display":"","ast-hfb-mobile-header-display":"","site-post-title":"disabled","ast-breadcrumbs-content":"","ast-featured-img":"disabled","footer-sml-layout":"","ast-disable-related-posts":"","theme-transparent-header-meta":"enabled","adv-header-id-meta":"","stick-header-meta":"","header-above-stick-meta":"","header-main-stick-meta":"","header-below-stick-meta":"","astra-migrate-meta-layouts":"default","ast-page-background-enabled":"default","ast-page-background-meta":{"desktop":{"background-color":"","background-image":"","background-repeat":"repeat","background-position":"center center","background-size":"auto","background-attachment":"scroll","background-type":"","background-media":"","overlay-type":"","overlay-color":"","overlay-opacity":"","overlay-gradient":""},"tablet":{"background-color":"","background-image":"","background-repeat":"repeat","background-position":"center center","background-size":"auto","background-attachment":"scroll","background-type":"","background-media":"","overlay-type":"","overlay-color":"","overlay-opacity":"","overlay-gradient":""},"mobile":{"background-color":"","background-image":"","background-repeat":"repeat","background-position":"center center","background-size":"auto","background-attachment":"scroll","background-type":"","background-media":"","overlay-type":"","overlay-color":"","overlay-opacity":"","overlay-gradient":""}},"ast-content-background-meta":{"desktop":{"background-color":"var(--ast-global-color-5)","background-image":"","background-repeat":"repeat","background-position":"center center","background-size":"auto","background-attachment":"scroll","background-type":"","background-media":"","overlay-type":"","overlay-color":"","overlay-opacity":"","overlay-gradient":""},"tablet":{"background-color":"var(--ast-global-color-5)","background-image":"","background-repeat":"repeat","background-position":"center center","background-size":"auto","background-attachment":"scroll","background-type":"","background-media":"","overlay-type":"","overlay-color":"","overlay-opacity":"","overlay-gradient":""},"mobile":{"background-color":"var(--ast-global-color-5)","background-image":"","background-repeat":"repeat","background-position":"center center","background-size":"auto","background-attachment":"scroll","background-type":"","background-media":"","overlay-type":"","overlay-color":"","overlay-opacity":"","overlay-gradient":""}},"footnotes":""},"class_list":["post-543","page","type-page","status-publish","hentry"],"aioseo_notices":[],"_links":{"self":[{"href":"https:\/\/reciclemostodo.com\/index.php\/wp-json\/wp\/v2\/pages\/543","targetHints":{"allow":["GET"]}}],"collection":[{"href":"https:\/\/reciclemostodo.com\/index.php\/wp-json\/wp\/v2\/pages"}],"about":[{"href":"https:\/\/reciclemostodo.com\/index.php\/wp-json\/wp\/v2\/types\/page"}],"author":[{"embeddable":true,"href":"https:\/\/reciclemostodo.com\/index.php\/wp-json\/wp\/v2\/users\/1"}],"replies":[{"embeddable":true,"href":"https:\/\/reciclemostodo.com\/index.php\/wp-json\/wp\/v2\/comments?post=543"}],"version-history":[{"count":20,"href":"https:\/\/reciclemostodo.com\/index.php\/wp-json\/wp\/v2\/pages\/543\/revisions"}],"predecessor-version":[{"id":761,"href":"https:\/\/reciclemostodo.com\/index.php\/wp-json\/wp\/v2\/pages\/543\/revisions\/761"}],"wp:attachment":[{"href":"https:\/\/reciclemostodo.com\/index.php\/wp-json\/wp\/v2\/media?parent=543"}],"curies":[{"name":"wp","href":"https:\/\/api.w.org\/{rel}","templated":true}]}}

<div data-elementor-type="wp-post" data-elementor-id="543" class="elementor elementor-543">
						<section class="elementor-section elementor-top-section elementor-element elementor-element-7ac9ca5 elementor-section-boxed elementor-section-height-default elementor-section-height-default" data-id="7ac9ca5" data-element_type="section" data-e-type="section" data-settings="{&quot;background_background&quot;:&quot;classic&quot;}">
							<div class="elementor-background-overlay"></div>
							<div class="elementor-container elementor-column-gap-narrow">
					<div class="elementor-column elementor-col-33 elementor-top-column elementor-element elementor-element-fc40e94" data-id="fc40e94" data-element_type="column" data-e-type="column">
			<div class="elementor-widget-wrap">
							</div>
		</div>
				<div class="elementor-column elementor-col-33 elementor-top-column elementor-element elementor-element-90988fe" data-id="90988fe" data-element_type="column" data-e-type="column">
			<div class="elementor-widget-wrap elementor-element-populated">
						<div class="elementor-element elementor-element-4a1c612 elementor-widget elementor-widget-heading" data-id="4a1c612" data-element_type="widget" data-e-type="widget" data-widget_type="heading.default">
				<div class="elementor-widget-container">
					<h1 class="elementor-heading-title elementor-size-default">Noticias</h1>				</div>
				</div>
					</div>
		</div>
				<div class="elementor-column elementor-col-33 elementor-top-column elementor-element elementor-element-919f5c1" data-id="919f5c1" data-element_type="column" data-e-type="column">
			<div class="elementor-widget-wrap">
							</div>
		</div>
					</div>
		</section>
				<section class="elementor-section elementor-top-section elementor-element elementor-element-7e9b1d1 elementor-section-boxed elementor-section-height-default elementor-section-height-default" data-id="7e9b1d1" data-element_type="section" data-e-type="section">
						<div class="elementor-container elementor-column-gap-default">
					<div class="elementor-column elementor-col-50 elementor-top-column elementor-element elementor-element-3ee06b9" data-id="3ee06b9" data-element_type="column" data-e-type="column">
			<div class="elementor-widget-wrap elementor-element-populated">
							</div>
		</div>
				<div class="elementor-column elementor-col-50 elementor-top-column elementor-element elementor-element-c6bbbd0" data-id="c6bbbd0" data-element_type="column" data-e-type="column">
			<div class="elementor-widget-wrap elementor-element-populated">
						<div class="elementor-element elementor-element-cfd9ab3 elementor-widget elementor-widget-wp-widget-rss" data-id="cfd9ab3" data-element_type="widget" data-e-type="widget" data-widget_type="wp-widget-rss.default">
				<div class="elementor-widget-container">
					<h5><a class="rsswidget rss-widget-feed" href="https://www.eltiempo.com/rss/vida_medio-ambiente.xml"><img decoding="async" class="rss-widget-icon" style="border:0" width="14" height="14" src="https://reciclemostodo.com/wp-includes/images/rss.png" alt="RSS" /></a> <a class="rsswidget rss-widget-title" href="https://www.eltiempo.com/">Noticias sobre medio ambiente en Colombia</a></h5><nav aria-label="Noticias sobre medio ambiente en Colombia"><ul><li><a class='rsswidget' href='https://www.eltiempo.com/vida/medio-ambiente/algunas-de-estas-cosas-van-a-tomar-decadas-experto-advierte-sobre-la-complejidad-de-dejar-los-combustibles-fosiles-3551539'>‘Algunas de estas cosas van a tomar décadas’: experto advierte sobre la complejidad de dejar los combustibles fósiles</a> <span class="rss-date">28 de April de 2026</span><div class="rssSummary">Nick Robins, experto en finanzas sostenibles, subraya que el cambio energético ya comenzó, pero será un proceso largo y con impactos geopolíticos.</div></li><li><a class='rsswidget' href='https://www.eltiempo.com/vida/medio-ambiente/aunque-un-multimillonario-de-india-ofrecio-llevarse-80-hipopotamos-de-pablo-escobar-la-propuesta-por-ahora-no-puede-concretarse-por-que-3551492'>Aunque un multimillonario de India ofreció llevarse 80 hipopótamos de Pablo Escobar, la propuesta -por ahora- no puede concretarse: ¿por qué?</a> <span class="rss-date">28 de April de 2026</span><div class="rssSummary">Anant Ambani mostró interés en llevarse 80 de estos hipopótamos para evitar su eutanasia en Colombia.</div></li><li><a class='rsswidget' href='https://www.eltiempo.com/vida/medio-ambiente/por-que-el-mar-de-turbo-en-el-uraba-cambio-su-color-por-un-verde-intenso-y-que-tan-peligroso-es-este-fenomeno-para-los-banistas-expertos-explican-3551334'>¿Por qué el mar de Turbo, en el Urabá, cambió su color por un verde intenso y qué tan peligroso es este fenómeno para los bañistas? Expertos explican</a> <span class="rss-date">28 de April de 2026</span><div class="rssSummary">Científicos se encuentran analizando el fenómeno biológico que transformó las playas antioqueñas y evalúan los posibles riesgos.</div></li><li><a class='rsswidget' href='https://www.eltiempo.com/vida/medio-ambiente/defenderemos-con-nuestra-vida-indigenas-amazonicos-advierten-desde-santa-marta-que-resistiran-expansion-petrolera-en-ecuador-3551368'>‘Defenderemos con nuestra vida’: Indígenas amazónicos advierten desde Santa Marta que resistirán expansión petrolera en Ecuador</a> <span class="rss-date">27 de April de 2026</span><div class="rssSummary">Edison Canelos, vicepresidente de la Nacionalidad Achuar, aseguró que las comunidades están listas para defender sus territorios.</div></li><li><a class='rsswidget' href='https://www.eltiempo.com/vida/medio-ambiente/sectores-sociales-cuestionan-falta-de-integracion-en-conferencia-de-combustibles-de-santa-marta-gobierno-defiende-metodologia-de-participacion-3551366'>Sectores sociales cuestionan falta de integración en conferencia de combustibles de Santa Marta; Gobierno defiende metodología de participación</a> <span class="rss-date">27 de April de 2026</span><div class="rssSummary">La ministra (e) de Ambiente, Irene Vélez, aseguró que limitaciones logísticas —y no decisiones políticas— explican el modelo de selección de voceros.</div></li><li><a class='rsswidget' href='https://www.eltiempo.com/vida/medio-ambiente/esto-no-es-mas-de-lo-mismo-experto-de-wwf-asegura-que-la-conferencia-de-santa-marta-busca-traducir-la-presion-social-en-acciones-concretas-3551323'>‘Esto no es más de lo mismo’: Experto de WWF asegura que la Conferencia de Santa Marta busca traducir la presión social en acciones concretas</a> <span class="rss-date">27 de April de 2026</span><div class="rssSummary">Desde la conferencia internacional sobre el fin de los combustibles fósiles, expertos aseguran que el proceso busca evitar los bloqueos tradicionales.</div></li><li><a class='rsswidget' href='https://www.eltiempo.com/vida/medio-ambiente/miembros-del-congreso-o-parlamento-de-mas-de-35-paises-piden-redirigir-las-finanzas-globales-para-impulsar-energias-limpias-3551268'>Miembros del Congreso o Parlamento de más de 35 países piden redirigir las finanzas globales para impulsar energías limpias</a> <span class="rss-date">27 de April de 2026</span><div class="rssSummary">Desde Santa Marta, legisladores advierten que la dependencia del petróleo, el gas y el carbón profundiza desigualdades y tensiones geopolíticas.</div></li></ul></nav>				</div>
				</div>
					</div>
		</div>
					</div>
		</section>
				</div>
